s divided by 139?
125
Calculate the remainder when 45 is divided by 6.
3
What is the remainder when 965 is divided by 89?
75
Calculate the remainder when 439 is divided by 26.
23
What is the remainder when 8105 is divided by 11?
9
Calculate the remainder when 6551 is divided by 12.
11
What is the remainder when 2564 is divided by 135?
134
Calculate the remainder when 1467 is divided by 97.
12
Calculate the remainder when 381 is divided by 207.
174
Calculate the remainder when 533 is divided by 72.
29
What is the remainder when 1670 is divided by 76?
74
Calculate the remainder when 228 is divided by 23.
21
Calculate the remainder when 45 is divided by 7.
3
What is the remainder when 122 is divided by 32?
26
Calculate the remainder when 432 is divided by 23.
18
Calculate the remainder when 215 is divided by 9.
8
What is the remainder when 649 is divided by 26?
25
Calculate the remainder when 430 is divided by 29.
24
Calculate the remainder when 6947 is divided by 3467.
13
What is the remainder when 1201 is divided by 389?
34
Calculate the remainder when 241 is divided by 7.
3
What is the remainder when 285 is divided by 27?
15
What is the remainder when 357 is divided by 61?
52
What is the remainder when 2153 is divided by 358?
5
Calculate the remainder when 416 is divided by 29.
10
Calculate the remainder when 146 is divided by 26.
16
Calculate the remainder when 8630 is divided by 63.
62
Calculate the remainder when 65 is divided by 12.
5
Calculate the remainder when 268 is divided by 216.
52
What is the remainder when 243 is divided by 59?
7
What is the remainder when 30 is divided by 7?
2
What is the remainder when 1033 is divided by 102?
13
What is the remainder when 22 is divided by 9?
4
What is the remainder when 572 is divided by 194?
184
What is the remainder when 219 is divided by 112?
107
Calculate the remainder when 3648 is divided by 11.
7
What is the remainder when 405 is divided by 208?
197
What is the remainder when 306 is divided by 106?
94
What is the remainder when 549 is divided by 33?
21
What is the remainder when 85 is divided by 57?
28
Calculate the remainder when 25 is divided by 16.
9
What is the remainder when 106 is divided by 12?
10
What is the remainder when 375 is divided by 126?
123
Calculate the remainder when 170 is divided by 123.
47
What is the remainder when 974 is divided by 244?
242
What is the remainder when 65 is divided by 15?
5
What is the remainder when 10879 is divided by 19?
11
What is the remainder when 1186 is divided by 44?
42
Calculate the remainder when 137 is divided by 66.
5
What is the remainder when 76 is divided by 14?
6
Calculate the remainder when 293 is divided by 80.
53
Calculate the remainder when 130 is divided by 4.
2
Calculate the remainder when 724 is divided by 106.
88
What is the remainder when 3855 is divided by 20?
15
What is the remainder when 41 is divided by 40?
1
What is the remainder when 1927 is divided by 46?
41
Calculate the remainder when 13547 is divided by 17.
15
Calculate the remainder when 2734 is divided by 152.
150
What is the remainder when 2962 is divided by 23?
18
Calculate the remainder when 359 is divided by 26.
21
What is the remainder when 25 is divided by 21?
4
Calculate the remainder when 651 is divided by 639.
12
Calculate the remainder when 1152 is divided by 288.
0
Calculate the remainder when 5 is divided by 1.
0
What is the remainder when 275 is divided by 98?
79
What is the remainder when 27 is divided by 13?
1
Calculate the remainder when 2916 is divided by 575.
41
What is the remainder when 6743 is divided by 8?
7
What is the remainder when 234 is divided by 60?
54
What is the remainder when 35 is divided by 9?
8
Calculate the remainder when 1627 is divided by 85.
12
What is the remainder when 508 is divided by 64?
60
What is the remainder when 503 is divided by 5?
3
Calculate the remainder when 644 is divided by 297.
50
What is the remainder when 1512 is divided by 34?
16
What is the remainder when 157 is divided by 21?
10
What is the remainder when 10527 is divided by 7?
6
What is the remainder when 135 is divided by 70?
65
Calculate the remainder when 33123 is divided by 338.
337
What is the remainder when 448 is divided by 222?
4
Calculate the remainder when 325 is divided by 66.
61
What is the remainder when 15 is divided by 11?
4
What is the remainder when 33 is divided by 17?
16
What is the remainder when 12365 is divided by 57?
53
Calculate the remainder when 10559 is divided by 30.
29
Calculate the remainder when 55 is divided by 28.
27
Calculate the remainder when 679 is divided by 11.
8
Calculate the remainder when 331 is divided by 60.
31
Calculate the remainder when 123 is divided by 62.
61
What is the remainder when 17510 is divided by 199?
197
What is the remainder when 669 is divided by 48?
45
Calculate the remainder when 731 is divided by 61.
60
What is the remainder when 675 is divided by 269?
137
What is the remainder when 14 is divided by 9?
5
What is the remainder when 5391 is divided by 16?
15
Calculate the remainder when 155 is divided by 21.
8
What is the remainder when 21 is divided by 2?
1
What is the remainder when 1327 is divided by 18?
13
What is the remainder when 253 is divided by 83?
4
What is the remainder when 681 is divided by 19?
16
What is the remainder when 122 is divided by 17?
3
Calculate the remainder when 557 is divided by 35.
32
Calculate the remainder when 256 is divided by 125.
6
Calculate the remainder when 46 is divided by 7.
4
Calculate the remainder when 15 is divided by 14.
1
What is the remainder when 49 is divided by 5?
4
What is the remainder when 1577 is divided by 757?
63
What is the remainder when 21 is divided by 7?
0
What is the remainder when 539 is divided by 36?
35
What is the remainder when 638 is divided by 212?
2
Calculate the remainder when 6887 is divided by 28.
27
What is the remainder when 668 is divided by 32?
28
Calculate the remainder when 139 is divided by 17.
3
Calculate the remainder when 2563 is divided by 15.
13
Calculate the remainder when 80 is divided by 28.
24
What is the remainder when 75 is divided by 32?
11
Calculate the remainder when 59 is divided by 15.
14
Calculate the remainder when 123 is divided by 59.
5
Calculate the remainder when 379 is divided by 130.
119
Calculate the remainder when 140 is divided by 43.
11
Calculate the remainder when 221 is divided by 28.
25
Calculate the remainder when 852 is divided by 78.
72
Calculate the remainder when 72 is divided by 34.
4
Calculate the remainder when 5856 is divided by 189.
186
Calculate the remainder when 267 is divided by 34.
29
What is the remainder when 280 is divided by 8?
0
What is the remainder when 1110 is divided by 226?
206
Calculate the remainder when 158 is divided by 86.
72
Calculate the remainder when 37 is divided by 27.
10
What is the remainder when 117 is divided by 28?
5
What is the remainder when 2532 is divided by 838?
18
What is the remainder when 346 is divided by 88?
82
Calculate the remainder when 344 is divided by 172.
0
Calculate the remainder when 394 is divided by 44.
42
Calculate the remainder when 113 is divided by 32.
17
Calculate the remainder when 30 is divided by 25.
5
Calculate the remainder when 2027 is divided by 39.
38
Calculate the remainder when 999 is divided by 142.
5
Calculate the remainder when 413 is divided by 24.
5
Calculate the remainder when 532 is divided by 61.
44
What is the remainder when 608 is divided by 62?
50
What is the remainder when 118 is divided by 31?
25
Calculate the remainder when 762 is divided by 17.
14
Calculate the remainder when 339 is divided by 18.
15
What is the remainder when 54 is divided by 52?
2
Calculate the remainder when 2102 is divided by 234.
230
What is the remainder when 321 is divided by 33?
24
Calculate the remainder when 44 is divided by 41.
3
Calculate the remainder when 2999 is divided by 11.
7
What is the remainder when 27 is divided by 20?
7
Calculate the remainder when 585 is divided by 10.
5
What is the remainder when 5 is divided by 2?
1
Calculate the remainder when 290 is divided by 97.
96
What is the remainder when 1122 is divided by 49?
44
What is the remainder when 195 is divided by 10?
5
What is the remainder 